{"id":72,"date":"2019-09-21T15:42:24","date_gmt":"2019-09-21T15:42:24","guid":{"rendered":"http:\/\/weingut-hensler.de\/?page_id=72"},"modified":"2025-09-13T11:46:28","modified_gmt":"2025-09-13T11:46:28","slug":"ferienwohnung","status":"publish","type":"page","link":"https:\/\/weingut-hensler.de\/?page_id=72","title":{"rendered":"Ferienwohnung"},"content":{"rendered":"\n<ul class=\"wp-block-list\">\n<li>komplett ausgestattet f\u00fcr 2-4 Personen<\/li>\n\n\n\n<li>Nichtraucherwohnung ca. 40 qm<\/li>\n\n\n\n<li>Wohnraum mit K\u00fcchenzeile und Essecke<\/li>\n\n\n\n<li>TV und WLAN<\/li>\n\n\n\n<li>Schlafzimmer mit Bett in Komforth\u00f6he<\/li>\n\n\n\n<li>Bad mit WC, Runddusche, F\u00f6n und Kosmetikspiegel<\/li>\n\n\n\n<li>Flur mit Garderobe<\/li>\n\n\n\n<li>Gro\u00dfe Sonnenterrasse<\/li>\n\n\n\n<li>Br\u00f6tchenservice oder Fr\u00fchst\u00fcck auf Wunsch<\/li>\n<\/ul>\n\n\n\n<div class=\"wp-block-columns is-layout-flex wp-container-core-columns-is-layout-9d6595d7 wp-block-columns-is-layout-flex\">\n<div class=\"wp-block-column is-layout-flow wp-block-column-is-layout-flow\" style=\"flex-basis:100%\">\n<div class=\"wp-block-group\"><div class=\"wp-block-group__inner-container is-layout-flow wp-block-group-is-layout-flow\">\n<div class=\"wp-block-columns is-layout-flex wp-container-core-columns-is-layout-9d6595d7 wp-block-columns-is-layout-flex\">\n<div class=\"wp-block-column is-vertically-aligned-center is-layout-flow wp-block-column-is-layout-flow\" style=\"flex-basis:100%\">\n<figure class=\"wp-block-image size-large\"><img loading=\"lazy\" decoding=\"async\" width=\"1024\" height=\"768\" src=\"https:\/\/weingut-hensler.de\/wp-content\/uploads\/2021\/07\/IMG_20210719_190127-1024x768.jpg\" alt=\"\" class=\"wp-image-230\" srcset=\"https:\/\/weingut-hensler.de\/wp-content\/uploads\/2021\/07\/IMG_20210719_190127-1024x768.jpg 1024w, https:\/\/weingut-hensler.de\/wp-content\/uploads\/2021\/07\/IMG_20210719_190127-300x225.jpg 300w, https:\/\/weingut-hensler.de\/wp-content\/uploads\/2021\/07\/IMG_20210719_190127-768x576.jpg 768w, https:\/\/weingut-hensler.de\/wp-content\/uploads\/2021\/07\/IMG_20210719_190127-1536x1152.jpg 1536w, https:\/\/weingut-hensler.de\/wp-content\/uploads\/2021\/07\/IMG_20210719_190127-2048x1536.jpg 2048w, https:\/\/weingut-hensler.de\/wp-content\/uploads\/2021\/07\/IMG_20210719_190127-685x514.jpg 685w, https:\/\/weingut-hensler.de\/wp-content\/uploads\/2021\/07\/IMG_20210719_190127-2000x1500.jpg 2000w\" sizes=\"auto, (max-width: 1024px) 100vw, 1024px\" \/><\/figure>\n\n\n\n<div class=\"wp-block-group\"><div class=\"wp-block-group__inner-container is-layout-flow wp-block-group-is-layout-flow\">\n<div class=\"wp-block-columns is-layout-flex wp-container-core-columns-is-layout-9d6595d7 wp-block-columns-is-layout-flex\">\n<div class=\"wp-block-column is-layout-flow wp-block-column-is-layout-flow\" style=\"flex-basis:100%\"><div class=\"wp-block-image\">\n<figure class=\"aligncenter size-large is-resized\"><img loading=\"lazy\" decoding=\"async\" width=\"1024\" height=\"768\" src=\"https:\/\/weingut-hensler.de\/wp-content\/uploads\/2021\/07\/DSCF2439-2-1024x768.jpg\" alt=\"\" class=\"wp-image-234\" style=\"width:831px;height:626px\" srcset=\"https:\/\/weingut-hensler.de\/wp-content\/uploads\/2021\/07\/DSCF2439-2-1024x768.jpg 1024w, https:\/\/weingut-hensler.de\/wp-content\/uploads\/2021\/07\/DSCF2439-2-300x225.jpg 300w, https:\/\/weingut-hensler.de\/wp-content\/uploads\/2021\/07\/DSCF2439-2-768x576.jpg 768w, https:\/\/weingut-hensler.de\/wp-content\/uploads\/2021\/07\/DSCF2439-2-1536x1152.jpg 1536w, https:\/\/weingut-hensler.de\/wp-content\/uploads\/2021\/07\/DSCF2439-2-2048x1536.jpg 2048w, https:\/\/weingut-hensler.de\/wp-content\/uploads\/2021\/07\/DSCF2439-2-685x514.jpg 685w, https:\/\/weingut-hensler.de\/wp-content\/uploads\/2021\/07\/DSCF2439-2-2000x1500.jpg 2000w\" sizes=\"auto, (max-width: 1024px) 100vw, 1024px\" \/><\/figure>\n<\/div><\/div>\n<\/div>\n<\/div><\/div>\n<\/div>\n<\/div>\n<\/div><\/div>\n\n\n<div class=\"wp-block-image\">\n<figure class=\"aligncenter size-large is-resized\"><img loading=\"lazy\" decoding=\"async\" width=\"1024\" height=\"768\" src=\"https:\/\/weingut-hensler.de\/wp-content\/uploads\/2021\/07\/IMG_20210711_160333-1024x768.jpg\" alt=\"\" class=\"wp-image-222\" style=\"aspect-ratio:1.332129963898917;width:821px;height:auto\" srcset=\"https:\/\/weingut-hensler.de\/wp-content\/uploads\/2021\/07\/IMG_20210711_160333-1024x768.jpg 1024w, https:\/\/weingut-hensler.de\/wp-content\/uploads\/2021\/07\/IMG_20210711_160333-300x225.jpg 300w, https:\/\/weingut-hensler.de\/wp-content\/uploads\/2021\/07\/IMG_20210711_160333-768x576.jpg 768w, https:\/\/weingut-hensler.de\/wp-content\/uploads\/2021\/07\/IMG_20210711_160333-1536x1152.jpg 1536w, https:\/\/weingut-hensler.de\/wp-content\/uploads\/2021\/07\/IMG_20210711_160333-2048x1536.jpg 2048w, https:\/\/weingut-hensler.de\/wp-content\/uploads\/2021\/07\/IMG_20210711_160333-685x514.jpg 685w, https:\/\/weingut-hensler.de\/wp-content\/uploads\/2021\/07\/IMG_20210711_160333-2000x1500.jpg 2000w\" sizes=\"auto, (max-width: 1024px) 100vw, 1024px\" \/><\/figure>\n<\/div><\/div>\n<\/div>\n\n\n<div class=\"wp-block-image\">\n<figure class=\"aligncenter size-large is-resized\"><img loading=\"lazy\" decoding=\"async\" width=\"1024\" height=\"768\" src=\"https:\/\/weingut-hensler.de\/wp-content\/uploads\/2021\/07\/IMG_20210711_160407-1024x768.jpg\" alt=\"\" class=\"wp-image-223\" style=\"aspect-ratio:1.3345323741007193;width:808px;height:auto\" srcset=\"https:\/\/weingut-hensler.de\/wp-content\/uploads\/2021\/07\/IMG_20210711_160407-1024x768.jpg 1024w, https:\/\/weingut-hensler.de\/wp-content\/uploads\/2021\/07\/IMG_20210711_160407-300x225.jpg 300w, https:\/\/weingut-hensler.de\/wp-content\/uploads\/2021\/07\/IMG_20210711_160407-768x576.jpg 768w, https:\/\/weingut-hensler.de\/wp-content\/uploads\/2021\/07\/IMG_20210711_160407-1536x1152.jpg 1536w, https:\/\/weingut-hensler.de\/wp-content\/uploads\/2021\/07\/IMG_20210711_160407-2048x1536.jpg 2048w, https:\/\/weingut-hensler.de\/wp-content\/uploads\/2021\/07\/IMG_20210711_160407-685x514.jpg 685w, https:\/\/weingut-hensler.de\/wp-content\/uploads\/2021\/07\/IMG_20210711_160407-2000x1500.jpg 2000w\" sizes=\"auto, (max-width: 1024px) 100vw, 1024px\" \/><\/figure>\n<\/div>\n\n\n<div class=\"wp-block-columns are-vertically-aligned-center is-layout-flex wp-container-core-columns-is-layout-9d6595d7 wp-block-columns-is-layout-flex\">\n<div class=\"wp-block-column is-vertically-aligned-center is-layout-flow wp-block-column-is-layout-flow\" style=\"flex-basis:50%\">\n<figure class=\"wp-block-gallery aligncenter has-nested-images columns-default is-cropped wp-block-gallery-1 is-layout-flex wp-block-gallery-is-layout-flex\">\n<figure class=\"wp-block-image size-large\"><img loading=\"lazy\" decoding=\"async\" width=\"768\" height=\"1024\" data-id=\"235\" src=\"https:\/\/weingut-hensler.de\/wp-content\/uploads\/2021\/07\/IMG_20210719_190524-2-768x1024.jpg\" alt=\"\" class=\"wp-image-235\" style=\"aspect-ratio:0.7538200339558574\" srcset=\"https:\/\/weingut-hensler.de\/wp-content\/uploads\/2021\/07\/IMG_20210719_190524-2-768x1024.jpg 768w, https:\/\/weingut-hensler.de\/wp-content\/uploads\/2021\/07\/IMG_20210719_190524-2-225x300.jpg 225w, https:\/\/weingut-hensler.de\/wp-content\/uploads\/2021\/07\/IMG_20210719_190524-2-1152x1536.jpg 1152w, https:\/\/weingut-hensler.de\/wp-content\/uploads\/2021\/07\/IMG_20210719_190524-2-1536x2048.jpg 1536w, https:\/\/weingut-hensler.de\/wp-content\/uploads\/2021\/07\/IMG_20210719_190524-2-685x913.jpg 685w, https:\/\/weingut-hensler.de\/wp-content\/uploads\/2021\/07\/IMG_20210719_190524-2-2000x2667.jpg 2000w, https:\/\/weingut-hensler.de\/wp-content\/uploads\/2021\/07\/IMG_20210719_190524-2-scaled.jpg 1920w\" sizes=\"auto, (max-width: 768px) 100vw, 768px\" \/><\/figure>\n<\/figure>\n\n\n\n<p><\/p>\n<\/div>\n<\/div>\n\n\n\n<p><strong>Preise f\u00fcr 2 Personen pro Nacht<\/strong><\/p>\n\n\n\n<p>Inklusive der gesetzlichen Mehrwertsteuer, Nebenkosten, Endreinigung, Bettw\u00e4sche und Handt\u00fccher.  <\/p>\n\n\n\n<figure class=\"wp-block-table alignleft\"><table><tbody><tr><td>ab 3-6 N\u00e4chte<\/td><td>65,00 Euro<\/td><\/tr><tr><td>ab 7 N\u00e4chte<\/td><td>60,00 Euro<\/td><\/tr><tr><td>jede weitere Person<\/td><td>10,00 Euro<\/td><\/tr><tr><td>Fr\u00fchst\u00fcck auf Wunsch p.P.<\/td><td>10,00 Euro<\/td><\/tr><tr><td>Haustier pro Nacht<\/td><td>  5,00 Euro<\/td><\/tr><\/tbody><\/table><\/figure>\n\n\n\n<p><\/p>\n","protected":false},"excerpt":{"rendered":"<p>Preise f\u00fcr 2 Personen pro Nacht Inklusive der gesetzlichen Mehrwertsteuer, Nebenkosten, Endreinigung, Bettw\u00e4sche und Handt\u00fccher. ab 3-6 N\u00e4chte 65,00 Euro ab 7 N\u00e4chte 60,00 Euro jede weitere Person 10,00 Euro Fr\u00fchst\u00fcck auf Wunsch p.P. 10,00 Euro Haustier pro Nacht 5,00 Euro<\/p>\n","protected":false},"author":1,"featured_media":208,"parent":0,"menu_order":0,"comment_status":"closed","ping_status":"closed","template":"","meta":{"footnotes":""},"class_list":["post-72","page","type-page","status-publish","has-post-thumbnail","hentry"],"_links":{"self":[{"href":"https:\/\/weingut-hensler.de\/index.php?rest_route=\/wp\/v2\/pages\/72","targetHints":{"allow":["GET"]}}],"collection":[{"href":"https:\/\/weingut-hensler.de\/index.php?rest_route=\/wp\/v2\/pages"}],"about":[{"href":"https:\/\/weingut-hensler.de\/index.php?rest_route=\/wp\/v2\/types\/page"}],"author":[{"embeddable":true,"href":"https:\/\/weingut-hensler.de\/index.php?rest_route=\/wp\/v2\/users\/1"}],"replies":[{"embeddable":true,"href":"https:\/\/weingut-hensler.de\/index.php?rest_route=%2Fwp%2Fv2%2Fcomments&post=72"}],"version-history":[{"count":27,"href":"https:\/\/weingut-hensler.de\/index.php?rest_route=\/wp\/v2\/pages\/72\/revisions"}],"predecessor-version":[{"id":281,"href":"https:\/\/weingut-hensler.de\/index.php?rest_route=\/wp\/v2\/pages\/72\/revisions\/281"}],"wp:featuredmedia":[{"embeddable":true,"href":"https:\/\/weingut-hensler.de\/index.php?rest_route=\/wp\/v2\/media\/208"}],"wp:attachment":[{"href":"https:\/\/weingut-hensler.de\/index.php?rest_route=%2Fwp%2Fv2%2Fmedia&parent=72"}],"curies":[{"name":"wp","href":"https:\/\/api.w.org\/{rel}","templated":true}]}}